{"id":26,"date":"2016-08-12T12:02:53","date_gmt":"2016-08-12T10:02:53","guid":{"rendered":"http:\/\/www.freiraum-gestalten-menden.de\/Web\/?page_id=26"},"modified":"2024-04-25T14:55:38","modified_gmt":"2024-04-25T12:55:38","slug":"alexander-wotschel","status":"publish","type":"page","link":"https:\/\/www.freiraum-gestalten-menden.de\/Web\/alexander-wotschel\/","title":{"rendered":"Alexander Wotschel"},"content":{"rendered":"<p><img fetchpriority=\"high\" decoding=\"async\" class=\"alignnone wp-image-2915 size-large\" src=\"http:\/\/www.freiraum-gestalten-menden.de\/Web\/wp-content\/uploads\/2024\/04\/FRG-AW-1024x378.jpg\" alt=\"\" width=\"800\" height=\"295\" srcset=\"https:\/\/www.freiraum-gestalten-menden.de\/Web\/wp-content\/uploads\/2024\/04\/FRG-AW-1024x378.jpg 1024w, https:\/\/www.freiraum-gestalten-menden.de\/Web\/wp-content\/uploads\/2024\/04\/FRG-AW-300x111.jpg 300w, https:\/\/www.freiraum-gestalten-menden.de\/Web\/wp-content\/uploads\/2024\/04\/FRG-AW-768x284.jpg 768w, https:\/\/www.freiraum-gestalten-menden.de\/Web\/wp-content\/uploads\/2024\/04\/FRG-AW-1536x567.jpg 1536w, https:\/\/www.freiraum-gestalten-menden.de\/Web\/wp-content\/uploads\/2024\/04\/FRG-AW.jpg 1920w\" sizes=\"(max-width: 800px) 100vw, 800px\" \/><\/p>\n<p>Geboren 1951 als Sohn deutschst\u00e4mmiger Eltern in Krasnoturinsk, Uralgebiet<\/p>\n<p><strong>1968<\/strong> Beginn des Studiums der Malerei und Grafik an der Fakult\u00e4t der P\u00e4dag. Hochschule in Nishni Tagil (Uralgebiet). Zu seinen Lehrern z\u00e4hlten u.a. so ber\u00fchmte Pers\u00f6nlichkeiten wie Prof. Kramskoij als Repr\u00e4sentant der weltbekannten St. Petersburger Schule.<br \/><strong>1973<\/strong> erfolgreicher Abschluss des Studiums mit Diplom, anschliessend Mitlit\u00e4rdienst<br \/><strong>1979<\/strong> R\u00fcckkehr nach Studiumerweiterung in Moskau an die P\u00e4dag. Hochschule in Nishni Tagil als Kunstlehrer und Dozent. Neben verschiedenen Maltechniken befasste er sich dort mit der k\u00fcnstlerischen Gestaltung von Metall, Holz und Textil<br \/><strong>1986<\/strong> Als Kunstlehrer an einer Kunstschule f\u00fcr Kinder t\u00e4tig<br \/><strong>1995<\/strong> \u00dcbersiedlung der Familie nach Menden<\/p>\n<p>Seit dieser Zeit ununterbrochen im Arbeitnehmerverh\u00e4ltnis t\u00e4tig. Davon in den letzten 14 Jahren als Hausmeister mit Kunstlehrt\u00e4tigkeit in einem grossen Seniorenheim<\/p>\n<p><strong>Ausstellungen:<\/strong><br \/><strong>2000<\/strong> Mit Jahresausstellung des Kunstvereins Mendener Bauh\u00fctte<br \/><strong>2001<\/strong> Einzelausstellung im Druckhaus Schm\u00fccker, Menden<br \/>Gemeinschaftsausstellung mit der Mendener Bauh\u00fctte in Kamen<br \/>Einzelausstellung in Hamburg<br \/><strong>2002<\/strong> Gemeinschaftsausstellung mit Mendener Bauh\u00fctte im Rathaus der Stadt Menden<br \/><strong>2003<\/strong> Gemeinschaftsausstellung im B\u00fcrgerhaus Grossefehn (Ostfriesland)<br \/>Einzelausstellung in der Rathausgalerie Fr\u00f6ndenberg<br \/>Gemeinschaftsausstellung in der Rathausgalerie Menden<br \/><strong>2004<\/strong> Einzelausstellung in der Rathausgalerie Fr\u00f6ndenberg<br \/><strong>2005<\/strong> Gemeinschaftsausstellung in der Rathausgalerie Menden<br \/><strong>2007<\/strong> Einzel- und Gemeinschaftsausstellung im Rathaus Menden<br \/><strong>2009<\/strong> Gemeinschaftsausstellung in der Schweiz<br \/><strong>2010<\/strong> Einzelausstellung in Hamburg<br \/><strong>2012<\/strong> Einzelausstellung in Moskau<br \/><strong>2013<\/strong> Einzelausstellung in Menden<br \/><strong>2014<\/strong> Gemeinschaftsausstellung mit Larisa Votchel in Kamen<br \/><strong>2015<\/strong> Gemeinschaftsausstellung mit Larisa Votchel und Slawomir Taler in Menden<br \/><strong>2016<\/strong> Gemeinschaftsausstellung mit den &#8222;FreiraumGestalten&#8220; in Menden<br \/><strong>2016<\/strong> Jubil\u00e4umsausstellung in Menden<br \/><strong>2017<\/strong> Ausstellung mit Larisa Votschel , Rathaus Menden<br \/><strong>2018<\/strong> Einzelausstellung, Rathaus Menden<br \/><strong>2019<\/strong> Einzelausstellung &#8222;Freundschaft&#8220;, Rathaus Menden<\/p>\n<p><strong>Kontakt:<\/strong><br \/>Alexander Wotschel<\/p>\n<p>Mail: <a href=\"mailto:alex.wmenden@mail.ru\">alex.wmenden@mail.ru<\/a><br \/><a href=\"http:\/\/www.alexander-wotschel.com\">www.alexander-wotschel.com<\/a><\/p>\n<p><a href=\"https:\/\/www.facebook.com\/alexander.wotschel.2?__tn__=%2Cd-]-h-R&amp;eid=ARBSLPmO8do1puFE4W5TutiW_8qkqrU-MN32zD1R9xEq4jmpg9LHovzZA0VQA9dl4NLhlA6RIK7MHt5r\" target=\"_blank\" rel=\"noopener noreferrer\">Facebook<\/a><\/p>\n\n\n<div style=\"height:40px\" aria-hidden=\"true\" class=\"wp-block-spacer\"><\/div>\n\n\n\n<p><strong>Hier sehen Sie Beispiele meiner Arbeiten:<\/strong><\/p>\n\n\n\n<figure class=\"wp-block-gallery has-nested-images columns-default is-cropped wp-block-gallery-1 is-layout-flex wp-block-gallery-is-layout-flex\">\n<figure class=\"wp-block-image size-large is-style-default\"><img decoding=\"async\" width=\"852\" height=\"1024\" data-id=\"2847\" src=\"https:\/\/www.freiraum-gestalten-menden.de\/Web\/wp-content\/uploads\/2024\/04\/IMG_20201203_161853-852x1024.jpg\" alt=\"\" class=\"wp-image-2847\" srcset=\"https:\/\/www.freiraum-gestalten-menden.de\/Web\/wp-content\/uploads\/2024\/04\/IMG_20201203_161853-852x1024.jpg 852w, https:\/\/www.freiraum-gestalten-menden.de\/Web\/wp-content\/uploads\/2024\/04\/IMG_20201203_161853-249x300.jpg 249w, https:\/\/www.freiraum-gestalten-menden.de\/Web\/wp-content\/uploads\/2024\/04\/IMG_20201203_161853-768x924.jpg 768w, https:\/\/www.freiraum-gestalten-menden.de\/Web\/wp-content\/uploads\/2024\/04\/IMG_20201203_161853-1277x1536.jpg 1277w, https:\/\/www.freiraum-gestalten-menden.de\/Web\/wp-content\/uploads\/2024\/04\/IMG_20201203_161853.jpg 1600w\" sizes=\"(max-width: 852px) 100vw, 852px\" \/><\/figure>\n\n\n\n<figure class=\"wp-block-image size-large\"><img decoding=\"async\" width=\"1024\" height=\"839\" data-id=\"2849\" src=\"https:\/\/www.freiraum-gestalten-menden.de\/Web\/wp-content\/uploads\/2024\/04\/IMG_20201203_162811-1024x839.jpg\" alt=\"\" class=\"wp-image-2849\" srcset=\"https:\/\/www.freiraum-gestalten-menden.de\/Web\/wp-content\/uploads\/2024\/04\/IMG_20201203_162811-1024x839.jpg 1024w, https:\/\/www.freiraum-gestalten-menden.de\/Web\/wp-content\/uploads\/2024\/04\/IMG_20201203_162811-300x246.jpg 300w, https:\/\/www.freiraum-gestalten-menden.de\/Web\/wp-content\/uploads\/2024\/04\/IMG_20201203_162811-768x629.jpg 768w, https:\/\/www.freiraum-gestalten-menden.de\/Web\/wp-content\/uploads\/2024\/04\/IMG_20201203_162811-1536x1259.jpg 1536w, https:\/\/www.freiraum-gestalten-menden.de\/Web\/wp-content\/uploads\/2024\/04\/IMG_20201203_162811.jpg 1990w\" sizes=\"(max-width: 1024px) 100vw, 1024px\" \/><\/figure>\n\n\n\n<figure class=\"wp-block-image size-large\"><img loading=\"lazy\" decoding=\"async\" width=\"1019\" height=\"1024\" data-id=\"2850\" src=\"https:\/\/www.freiraum-gestalten-menden.de\/Web\/wp-content\/uploads\/2024\/04\/LVW_0029-1-1019x1024.jpg\" alt=\"\" class=\"wp-image-2850\" srcset=\"https:\/\/www.freiraum-gestalten-menden.de\/Web\/wp-content\/uploads\/2024\/04\/LVW_0029-1-1019x1024.jpg 1019w, https:\/\/www.freiraum-gestalten-menden.de\/Web\/wp-content\/uploads\/2024\/04\/LVW_0029-1-300x300.jpg 300w, https:\/\/www.freiraum-gestalten-menden.de\/Web\/wp-content\/uploads\/2024\/04\/LVW_0029-1-150x150.jpg 150w, https:\/\/www.freiraum-gestalten-menden.de\/Web\/wp-content\/uploads\/2024\/04\/LVW_0029-1-768x772.jpg 768w, https:\/\/www.freiraum-gestalten-menden.de\/Web\/wp-content\/uploads\/2024\/04\/LVW_0029-1-1529x1536.jpg 1529w, https:\/\/www.freiraum-gestalten-menden.de\/Web\/wp-content\/uploads\/2024\/04\/LVW_0029-1.jpg 1717w\" sizes=\"(max-width: 1019px) 100vw, 1019px\" \/><\/figure>\n\n\n\n<figure class=\"wp-block-image size-large\"><img loading=\"lazy\" decoding=\"async\" width=\"1020\" height=\"1024\" data-id=\"2851\" src=\"https:\/\/www.freiraum-gestalten-menden.de\/Web\/wp-content\/uploads\/2024\/04\/LVW_9573-1-1020x1024.jpg\" alt=\"\" class=\"wp-image-2851\" srcset=\"https:\/\/www.freiraum-gestalten-menden.de\/Web\/wp-content\/uploads\/2024\/04\/LVW_9573-1-1020x1024.jpg 1020w, https:\/\/www.freiraum-gestalten-menden.de\/Web\/wp-content\/uploads\/2024\/04\/LVW_9573-1-300x300.jpg 300w, https:\/\/www.freiraum-gestalten-menden.de\/Web\/wp-content\/uploads\/2024\/04\/LVW_9573-1-150x150.jpg 150w, https:\/\/www.freiraum-gestalten-menden.de\/Web\/wp-content\/uploads\/2024\/04\/LVW_9573-1-768x771.jpg 768w, https:\/\/www.freiraum-gestalten-menden.de\/Web\/wp-content\/uploads\/2024\/04\/LVW_9573-1-1530x1536.jpg 1530w, https:\/\/www.freiraum-gestalten-menden.de\/Web\/wp-content\/uploads\/2024\/04\/LVW_9573-1.jpg 1610w\" sizes=\"(max-width: 1020px) 100vw, 1020px\" \/><\/figure>\n\n\n\n<figure class=\"wp-block-image size-large\"><img loading=\"lazy\" decoding=\"async\" width=\"1024\" height=\"1024\" data-id=\"2852\" src=\"https:\/\/www.freiraum-gestalten-menden.de\/Web\/wp-content\/uploads\/2024\/04\/LVW_9683-1-1024x1024.jpg\" alt=\"\" class=\"wp-image-2852\" srcset=\"https:\/\/www.freiraum-gestalten-menden.de\/Web\/wp-content\/uploads\/2024\/04\/LVW_9683-1-1024x1024.jpg 1024w, https:\/\/www.freiraum-gestalten-menden.de\/Web\/wp-content\/uploads\/2024\/04\/LVW_9683-1-300x300.jpg 300w, https:\/\/www.freiraum-gestalten-menden.de\/Web\/wp-content\/uploads\/2024\/04\/LVW_9683-1-150x150.jpg 150w, https:\/\/www.freiraum-gestalten-menden.de\/Web\/wp-content\/uploads\/2024\/04\/LVW_9683-1-768x769.jpg 768w, https:\/\/www.freiraum-gestalten-menden.de\/Web\/wp-content\/uploads\/2024\/04\/LVW_9683-1-1534x1536.jpg 1534w, https:\/\/www.freiraum-gestalten-menden.de\/Web\/wp-content\/uploads\/2024\/04\/LVW_9683-1.jpg 1738w\" sizes=\"(max-width: 1024px) 100vw, 1024px\" \/><\/figure>\n\n\n\n<figure class=\"wp-block-image size-large\"><img loading=\"lazy\" decoding=\"async\" width=\"871\" height=\"1024\" data-id=\"2848\" src=\"https:\/\/www.freiraum-gestalten-menden.de\/Web\/wp-content\/uploads\/2024\/04\/LVW_9727-1-871x1024.jpg\" alt=\"\" class=\"wp-image-2848\" srcset=\"https:\/\/www.freiraum-gestalten-menden.de\/Web\/wp-content\/uploads\/2024\/04\/LVW_9727-1-871x1024.jpg 871w, https:\/\/www.freiraum-gestalten-menden.de\/Web\/wp-content\/uploads\/2024\/04\/LVW_9727-1-255x300.jpg 255w, https:\/\/www.freiraum-gestalten-menden.de\/Web\/wp-content\/uploads\/2024\/04\/LVW_9727-1-768x903.jpg 768w, https:\/\/www.freiraum-gestalten-menden.de\/Web\/wp-content\/uploads\/2024\/04\/LVW_9727-1-1307x1536.jpg 1307w, https:\/\/www.freiraum-gestalten-menden.de\/Web\/wp-content\/uploads\/2024\/04\/LVW_9727-1.jpg 1500w\" sizes=\"(max-width: 871px) 100vw, 871px\" \/><\/figure>\n<\/figure>\n\n\n\n<div style=\"height:60px\" aria-hidden=\"true\" class=\"wp-block-spacer\"><\/div>\n","protected":false},"excerpt":{"rendered":"<p>Geboren 1951 als Sohn deutschst\u00e4mmiger Eltern in Krasnoturinsk, Uralgebiet 1968 Beginn des Studiums der Malerei und Grafik an der Fakult\u00e4t der P\u00e4dag. Hochschule in Nishni Tagil (Uralgebiet). Zu seinen Lehrern z\u00e4hlten u.a. so ber\u00fchmte Pers\u00f6nlichkeiten wie Prof. Kramskoij als Repr\u00e4sentant der weltbekannten St. Petersburger Schule.1973 erfolgreicher Abschluss des Studiums mit Diplom, anschliessend Mitlit\u00e4rdienst1979 R\u00fcckkehr nach [&hellip;]<\/p>\n","protected":false},"author":1,"featured_media":0,"parent":0,"menu_order":0,"comment_status":"closed","ping_status":"closed","template":"","meta":{"footnotes":""},"class_list":["post-26","page","type-page","status-publish","hentry"],"yoast_head":"<!-- This site is optimized with the Yoast SEO plugin v25.6 - https:\/\/yoast.com\/wordpress\/plugins\/seo\/ -->\n<title>Alexander Wotschel - Freiraum Gestalten Menden<\/title>\n<meta name=\"description\" content=\"Beschreibung des K\u00fcnstler Alexander Wotschel\" \/>\n<meta name=\"robots\" content=\"index, follow, max-snippet:-1, max-image-preview:large, max-video-preview:-1\" \/>\n<link rel=\"canonical\" href=\"https:\/\/www.freiraum-gestalten-menden.de\/Web\/alexander-wotschel\/\" \/>\n<meta property=\"og:locale\" content=\"de_DE\" \/>\n<meta property=\"og:type\" content=\"article\" \/>\n<meta property=\"og:title\" content=\"Alexander Wotschel - Freiraum Gestalten Menden\" \/>\n<meta property=\"og:description\" content=\"Beschreibung des K\u00fcnstler Alexander Wotschel\" \/>\n<meta property=\"og:url\" content=\"https:\/\/www.freiraum-gestalten-menden.de\/Web\/alexander-wotschel\/\" \/>\n<meta property=\"og:site_name\" content=\"Freiraum Gestalten Menden\" \/>\n<meta property=\"article:publisher\" content=\"https:\/\/www.facebook.com\/FreiraumGestaltenMenden\" \/>\n<meta property=\"article:modified_time\" content=\"2024-04-25T12:55:38+00:00\" \/>\n<meta property=\"og:image\" content=\"http:\/\/www.freiraum-gestalten-menden.de\/Web\/wp-content\/uploads\/2024\/04\/FRG-AW-1024x378.jpg\" \/>\n<meta name=\"twitter:card\" content=\"summary_large_image\" \/>\n<meta name=\"twitter:label1\" content=\"Gesch\u00e4tzte Lesezeit\" \/>\n\t<meta name=\"twitter:data1\" content=\"3\u00a0Minuten\" \/>\n<script type=\"application\/ld+json\" class=\"yoast-schema-graph\">{\"@context\":\"https:\/\/schema.org\",\"@graph\":[{\"@type\":\"WebPage\",\"@id\":\"https:\/\/www.freiraum-gestalten-menden.de\/Web\/alexander-wotschel\/\",\"url\":\"https:\/\/www.freiraum-gestalten-menden.de\/Web\/alexander-wotschel\/\",\"name\":\"Alexander Wotschel - Freiraum Gestalten Menden\",\"isPartOf\":{\"@id\":\"https:\/\/www.freiraum-gestalten-menden.de\/Web\/#website\"},\"primaryImageOfPage\":{\"@id\":\"https:\/\/www.freiraum-gestalten-menden.de\/Web\/alexander-wotschel\/#primaryimage\"},\"image\":{\"@id\":\"https:\/\/www.freiraum-gestalten-menden.de\/Web\/alexander-wotschel\/#primaryimage\"},\"thumbnailUrl\":\"http:\/\/www.freiraum-gestalten-menden.de\/Web\/wp-content\/uploads\/2024\/04\/FRG-AW-1024x378.jpg\",\"datePublished\":\"2016-08-12T10:02:53+00:00\",\"dateModified\":\"2024-04-25T12:55:38+00:00\",\"description\":\"Beschreibung des K\u00fcnstler Alexander Wotschel\",\"breadcrumb\":{\"@id\":\"https:\/\/www.freiraum-gestalten-menden.de\/Web\/alexander-wotschel\/#breadcrumb\"},\"inLanguage\":\"de\",\"potentialAction\":[{\"@type\":\"ReadAction\",\"target\":[\"https:\/\/www.freiraum-gestalten-menden.de\/Web\/alexander-wotschel\/\"]}]},{\"@type\":\"ImageObject\",\"inLanguage\":\"de\",\"@id\":\"https:\/\/www.freiraum-gestalten-menden.de\/Web\/alexander-wotschel\/#primaryimage\",\"url\":\"https:\/\/www.freiraum-gestalten-menden.de\/Web\/wp-content\/uploads\/2024\/04\/FRG-AW.jpg\",\"contentUrl\":\"https:\/\/www.freiraum-gestalten-menden.de\/Web\/wp-content\/uploads\/2024\/04\/FRG-AW.jpg\",\"width\":1920,\"height\":709},{\"@type\":\"BreadcrumbList\",\"@id\":\"https:\/\/www.freiraum-gestalten-menden.de\/Web\/alexander-wotschel\/#breadcrumb\",\"itemListElement\":[{\"@type\":\"ListItem\",\"position\":1,\"name\":\"Startseite\",\"item\":\"https:\/\/www.freiraum-gestalten-menden.de\/Web\/\"},{\"@type\":\"ListItem\",\"position\":2,\"name\":\"Alexander Wotschel\"}]},{\"@type\":\"WebSite\",\"@id\":\"https:\/\/www.freiraum-gestalten-menden.de\/Web\/#website\",\"url\":\"https:\/\/www.freiraum-gestalten-menden.de\/Web\/\",\"name\":\"Freiraum Gestalten Menden\",\"description\":\"Gemeinschaft Mendener K\u00fcnstler\",\"publisher\":{\"@id\":\"https:\/\/www.freiraum-gestalten-menden.de\/Web\/#organization\"},\"potentialAction\":[{\"@type\":\"SearchAction\",\"target\":{\"@type\":\"EntryPoint\",\"urlTemplate\":\"https:\/\/www.freiraum-gestalten-menden.de\/Web\/?s={search_term_string}\"},\"query-input\":{\"@type\":\"PropertyValueSpecification\",\"valueRequired\":true,\"valueName\":\"search_term_string\"}}],\"inLanguage\":\"de\"},{\"@type\":\"Organization\",\"@id\":\"https:\/\/www.freiraum-gestalten-menden.de\/Web\/#organization\",\"name\":\"Freiraum Gestalten Menden\",\"url\":\"https:\/\/www.freiraum-gestalten-menden.de\/Web\/\",\"logo\":{\"@type\":\"ImageObject\",\"inLanguage\":\"de\",\"@id\":\"https:\/\/www.freiraum-gestalten-menden.de\/Web\/#\/schema\/logo\/image\/\",\"url\":\"https:\/\/www.freiraum-gestalten-menden.de\/Web\/wp-content\/uploads\/2024\/04\/FRG-FB-G.jpg\",\"contentUrl\":\"https:\/\/www.freiraum-gestalten-menden.de\/Web\/wp-content\/uploads\/2024\/04\/FRG-FB-G.jpg\",\"width\":1181,\"height\":1181,\"caption\":\"Freiraum Gestalten Menden\"},\"image\":{\"@id\":\"https:\/\/www.freiraum-gestalten-menden.de\/Web\/#\/schema\/logo\/image\/\"},\"sameAs\":[\"https:\/\/www.facebook.com\/FreiraumGestaltenMenden\"]}]}<\/script>\n<!-- \/ Yoast SEO plugin. -->","yoast_head_json":{"title":"Alexander Wotschel - Freiraum Gestalten Menden","description":"Beschreibung des K\u00fcnstler Alexander Wotschel","robots":{"index":"index","follow":"follow","max-snippet":"max-snippet:-1","max-image-preview":"max-image-preview:large","max-video-preview":"max-video-preview:-1"},"canonical":"https:\/\/www.freiraum-gestalten-menden.de\/Web\/alexander-wotschel\/","og_locale":"de_DE","og_type":"article","og_title":"Alexander Wotschel - Freiraum Gestalten Menden","og_description":"Beschreibung des K\u00fcnstler Alexander Wotschel","og_url":"https:\/\/www.freiraum-gestalten-menden.de\/Web\/alexander-wotschel\/","og_site_name":"Freiraum Gestalten Menden","article_publisher":"https:\/\/www.facebook.com\/FreiraumGestaltenMenden","article_modified_time":"2024-04-25T12:55:38+00:00","og_image":[{"url":"http:\/\/www.freiraum-gestalten-menden.de\/Web\/wp-content\/uploads\/2024\/04\/FRG-AW-1024x378.jpg","type":"","width":"","height":""}],"twitter_card":"summary_large_image","twitter_misc":{"Gesch\u00e4tzte Lesezeit":"3\u00a0Minuten"},"schema":{"@context":"https:\/\/schema.org","@graph":[{"@type":"WebPage","@id":"https:\/\/www.freiraum-gestalten-menden.de\/Web\/alexander-wotschel\/","url":"https:\/\/www.freiraum-gestalten-menden.de\/Web\/alexander-wotschel\/","name":"Alexander Wotschel - Freiraum Gestalten Menden","isPartOf":{"@id":"https:\/\/www.freiraum-gestalten-menden.de\/Web\/#website"},"primaryImageOfPage":{"@id":"https:\/\/www.freiraum-gestalten-menden.de\/Web\/alexander-wotschel\/#primaryimage"},"image":{"@id":"https:\/\/www.freiraum-gestalten-menden.de\/Web\/alexander-wotschel\/#primaryimage"},"thumbnailUrl":"http:\/\/www.freiraum-gestalten-menden.de\/Web\/wp-content\/uploads\/2024\/04\/FRG-AW-1024x378.jpg","datePublished":"2016-08-12T10:02:53+00:00","dateModified":"2024-04-25T12:55:38+00:00","description":"Beschreibung des K\u00fcnstler Alexander Wotschel","breadcrumb":{"@id":"https:\/\/www.freiraum-gestalten-menden.de\/Web\/alexander-wotschel\/#breadcrumb"},"inLanguage":"de","potentialAction":[{"@type":"ReadAction","target":["https:\/\/www.freiraum-gestalten-menden.de\/Web\/alexander-wotschel\/"]}]},{"@type":"ImageObject","inLanguage":"de","@id":"https:\/\/www.freiraum-gestalten-menden.de\/Web\/alexander-wotschel\/#primaryimage","url":"https:\/\/www.freiraum-gestalten-menden.de\/Web\/wp-content\/uploads\/2024\/04\/FRG-AW.jpg","contentUrl":"https:\/\/www.freiraum-gestalten-menden.de\/Web\/wp-content\/uploads\/2024\/04\/FRG-AW.jpg","width":1920,"height":709},{"@type":"BreadcrumbList","@id":"https:\/\/www.freiraum-gestalten-menden.de\/Web\/alexander-wotschel\/#breadcrumb","itemListElement":[{"@type":"ListItem","position":1,"name":"Startseite","item":"https:\/\/www.freiraum-gestalten-menden.de\/Web\/"},{"@type":"ListItem","position":2,"name":"Alexander Wotschel"}]},{"@type":"WebSite","@id":"https:\/\/www.freiraum-gestalten-menden.de\/Web\/#website","url":"https:\/\/www.freiraum-gestalten-menden.de\/Web\/","name":"Freiraum Gestalten Menden","description":"Gemeinschaft Mendener K\u00fcnstler","publisher":{"@id":"https:\/\/www.freiraum-gestalten-menden.de\/Web\/#organization"},"potentialAction":[{"@type":"SearchAction","target":{"@type":"EntryPoint","urlTemplate":"https:\/\/www.freiraum-gestalten-menden.de\/Web\/?s={search_term_string}"},"query-input":{"@type":"PropertyValueSpecification","valueRequired":true,"valueName":"search_term_string"}}],"inLanguage":"de"},{"@type":"Organization","@id":"https:\/\/www.freiraum-gestalten-menden.de\/Web\/#organization","name":"Freiraum Gestalten Menden","url":"https:\/\/www.freiraum-gestalten-menden.de\/Web\/","logo":{"@type":"ImageObject","inLanguage":"de","@id":"https:\/\/www.freiraum-gestalten-menden.de\/Web\/#\/schema\/logo\/image\/","url":"https:\/\/www.freiraum-gestalten-menden.de\/Web\/wp-content\/uploads\/2024\/04\/FRG-FB-G.jpg","contentUrl":"https:\/\/www.freiraum-gestalten-menden.de\/Web\/wp-content\/uploads\/2024\/04\/FRG-FB-G.jpg","width":1181,"height":1181,"caption":"Freiraum Gestalten Menden"},"image":{"@id":"https:\/\/www.freiraum-gestalten-menden.de\/Web\/#\/schema\/logo\/image\/"},"sameAs":["https:\/\/www.facebook.com\/FreiraumGestaltenMenden"]}]}},"_links":{"self":[{"href":"https:\/\/www.freiraum-gestalten-menden.de\/Web\/wp-json\/wp\/v2\/pages\/26"}],"collection":[{"href":"https:\/\/www.freiraum-gestalten-menden.de\/Web\/wp-json\/wp\/v2\/pages"}],"about":[{"href":"https:\/\/www.freiraum-gestalten-menden.de\/Web\/wp-json\/wp\/v2\/types\/page"}],"author":[{"embeddable":true,"href":"https:\/\/www.freiraum-gestalten-menden.de\/Web\/wp-json\/wp\/v2\/users\/1"}],"replies":[{"embeddable":true,"href":"https:\/\/www.freiraum-gestalten-menden.de\/Web\/wp-json\/wp\/v2\/comments?post=26"}],"version-history":[{"count":0,"href":"https:\/\/www.freiraum-gestalten-menden.de\/Web\/wp-json\/wp\/v2\/pages\/26\/revisions"}],"wp:attachment":[{"href":"https:\/\/www.freiraum-gestalten-menden.de\/Web\/wp-json\/wp\/v2\/media?parent=26"}],"curies":[{"name":"wp","href":"https:\/\/api.w.org\/{rel}","templated":true}]}}